-2))/12). Let h be 4/(-18) - 100/c. Let m(g) = g**2 - g - 3. Give m(h).
9
Suppose -18 = 4*s + 5*t, 0*s - 3*t = 3*s + 12. Let x(f) = f**3 + f**2 + 1. Give x(s).
-3
Let q(x) = 3*x - 3. Let c be q(-1). Let n(z) = 3*z + 1. Let k(o) = -o. Let j(w) = -7*k(w) - 2*n(w). Calculate j(c).
-8
Let v be 1/2*0 + 6. Let o(k) = k**2 + 14 - 9*k + 3*k - 9. Determine o(v).
5
Let s(h) = -h**3 + 5*h**2 + 9*h + 9. Let d be (-10 + 3)*(-2)/2. Give s(d).
-26
Let d(k) = 25*k + 5. Let y(z) = -15*z + 3. Let f(w) = -8*w + 2. Let v(s) = 5*f(s) - 3*y(s). Let r(p) = -2*d(p) + 11*v(p). Let m be 1*3*(-12)/18. What is r(m)?
-9
Let q be 3/(-1 + 1 + -1). Let c(f) = 2*f + 2. Give c(q).
-4
Let u(a) = -a**3 - 5*a**2 - 5*a - 2. Let i = 12 + -7. Suppose i*r + 4*g - 20 = 0, 2*g + 12 = 3*r - 0*g. Let y = r + -8. Determine u(y).
2
Let h(b) = -1. Let a(l) = -3 + l + 5 + 4 - 4. Let r(z) = 2*a(z) + 5*h(z). Determine r(1).
1
Let t = -18 - -25. Let k = -2 + t. Let l(s) = s**3 - 6*s**2 + 7*s - 4. Give l(k).
6
Let c = 12 - 12. Let h(k) = k. Determine h(c).
0
Let i(z) = 1 - 19*z + 2 + 22*z + 3. Let d(q) = q**3 - 5*q**2 + 5. Let y be d(5). Suppose -b + k = 8, -y*b + 0*k = 3*k + 8. What is i(b)?
-6
Let z(u) = -2*u + u - 3*u**3 + u**3 - 2*u**3 - 1 - 3*u**2. Determine z(-2).
21
Let u be (-3)/(-9) + (-92)/(-3). Suppose -u = -5*x + 3*x - 5*g, x = 4*g - 17. Let j(k) = -k**3 + 4*k**2 - 2. Determine j(x).
7
Let g(r) = 15*r**2 + 2*r - 1. Let l = -11 + 16. Suppose -6*p = -p - l. Calculate g(p).
16
Let d be (-56)/8*6/7. Let v(h) = 3*h**2 + 10*h - 20. Let b(c) = 2*c**2 + 7*c - 13. Let z(g) = -8*b(g) + 5*v(g). Determine z(d).
4
Let w(a) be the third derivative of -a**5/60 - a**3/3 - 11*a**2. Suppose 0 = 5*f - 3*k - 2, -2*k + 4 + 2 = 4*f. Let h = 1 - f. Calculate w(h).
-2
Let z(l) = l**2 + 7*l + 5. Let h = -3 - 4. Determine z(h).
5
Let f be 32/18 - (-6)/27. Let w be (f - (8 + -3)) + -1. Let s(d) be the third derivative of -d**4/12 - d**2. Determine s(w).
8
Let o(j) = -j**2 - 5*j + 25. Let x be o(-8). Let y(w) = 14*w**2 - w + 7. Let p(d) = -13*d**2 + d - 6. Let r(q) = -7*p(q) - 6*y(q). What is r(x)?
6
Let x(u) = u + 1. Let t(h) = -4*h - 4. Let g(s) = -t(s) - 5*x(s). What is g(-2)?
1
Let u(i) = -5 + 8*i - 138*i**2 + 130*i**2 - 3 + i**3. Suppose -m = -t - 6, -3*m = 2*m + 4*t - 39. What is u(m)?
-1
Let d = -4 - -6. Let n(b) = -6*b**2 - b + 6*b + 9 + b**2 + 4*b**d. Calculate n(7).
-5
Let a(b) = 3*b. Let u(i) = i. Let r(c) = -2*a(c) - 2*u(c). Determine r(1).
-8
Let o(n) = -n**2 + 6 - 9*n - 2*n**3 + 10*n + n**3. What is o(0)?
6
Let j(o) be the third derivative of 0 + o**2 - 1/2*o**3 - 1/8*o**4 + 0*o. Suppose -2*c = -u - 6, -3*u - 3*c + c - 10 = 0. Calculate j(u).
9
Let c(q) = -6*q**3 - 2*q**2 + 8*q + 1. Let r(g) = -7*g**3 - g**2 + 8*g. Let n(z) = 6*c(z) - 5*r(z). Calculate n(-8).
6
Let v(d) = -3*d**2 + 7. Let w(a) = -16*a**2 - a + 35. Let j(c) = 11*v(c) - 2*w(c). Calculate j(5).
-8
Let v(a) = -a**2 + 2*a - 1. Suppose 3*m + 5*w - 2*w - 18 = 0, w = -4*m + 18. What is v(m)?
-9
Suppose -2*f = s + 6 - 22, 2*f - 5*s - 16 = 0. Let l(a) = 2*a - 10. Let r be l(f). Let o(n) = -n**3 + 6*n**2 - n + 6. Give o(r).
0
Let f(r) be the second derivative of -r**4/6 + 5*r**3/6 - 3*r. Let g(w) = 5*w**2 - 11*w. Let v(s) = 7*f(s) + 3*g(s). Give v(-3).
3
Let x(r) be the second derivative of r**6/120 + r**5/10 + r**4/8 - r**3/6 + 3*r**2/2 + 2*r. Let g(w) be the first derivative of x(w). Give g(-5).
9
Let m(k) be the second derivative of k**3/2 + 3*k**2/2 + 2*k. Calculate m(-2).
-3
Suppose 0*z - 12 = -y + 5*z, 2*y = -3*z - 2. Let r(u) = -3*u**y + 3*u - 1 - u - 2*u. What is r(-1)?
-4
Suppose -12 + 3 = -3*q. Let k(w) = -2*w**3 + 4*w**2 + w + 1. Calculate k(q).
-14
Let x(g) be the first derivative of -g**3/3 - 3*g**2/2 + 4*g - 9. Calculate x(-5).
-6
Suppose 0 = 4*t + 2*c - 7*c - 23, 4*t + 2*c = 2. Let n(g) = -4*g**2 - 6. Let w(u) = -1. Let o(v) = -n(v) + 8*w(v). What is o(t)?
14
Let b(s) = 4*s + 1 + s - 6*s - 4*s. Suppose 2*t - t = 11. Suppose t = -4*r - 3*l, -3*l - 10 - 7 = -2*r. Give b(r).
-4
Let t(c) = c**2 - 3*c + 4. Suppose 0 = 2*a + 24 - 8. Let s be -4*2*4/a. Calculate t(s).
8
Let y be 1 + (1 - 1) - -1. Let v = y + -6. Let n(k) = k + 4. Let z(u) = -2*u - 7. Let c(q) = -5*n(q) - 2*z(q). Give c(v).
-2
Let n(g) = g**2 - g - 17. Let r(f) = -f**2 + 11*f + 12. Let v be r(12). Give n(v).
-17
Suppose 7 = -5*m - 13. Let l be 1/(-2)*24/m. Suppose 0 = 2*i - i + l. Let g(u) = -u - 3. Determine g(i).
0
Let b(c) = c + 3. Suppose 2*d + k + 4 = 0, 0*k = d + 5*k - 7. Give b(d).
0
Let k(m) be the first derivative of 2*m + 3*m**2 + 1/4*m**4 - 1 + 2*m**3. Give k(-5).
-3
Let y(t) = 0*t**3 + 1 + t**3 + 5*t**2 - 3 + 0*t**3. Determine y(-5).
-2
Let b be ((-18)/(-4))/(3/4). Suppose 5*d + 9 = -b. Let a(v) = -4*v**2 - v**3 + 1 + 150*v + 2 - 149*v. Give a(d).
-9
Let u(g) = -1. Let v(p) = p - 6. Let n(w) = 4*u(w) + v(w). Let b(j) = j - 10. Let t(a) = 5*b(a) - 4*n(a). Let i = 3 - 3. What is t(i)?
-10
Let d = 8 - 5. Let p = d - 5. Let g(i) = -i**2 + 1 - 3*i - i**3 - i + 4*i. Determine g(p).
5
Let h(o) be the third derivative of 5/6*o**3 + 3*o**2 + 1/4*o**4 + 0*o + 0 + 1/60*o**5. Determine h(-5).
0
Suppose -3*o - 11 + 5 = 0. Let x(c) = -2*c**2 - 2*c - 2. What is x(o)?
-6
Let a(p) = 2*p + 4. Let w = 11 - 16. What is a(w)?
-6
Suppose 0 = -4*g + g + 21. Let a(y) = y**2 - 6*y - 7. Calculate a(g).
0
Let g(i) = -2*i + 14. Let m be g(7). Let k(y) = y**3 + y**2 - y + 6. Give k(m).
6
Let b(r) = -4*r**2 - r - 4. Let p(i) = -i**2 + 1. Let z(c) = -b(c) - 5*p(c). What is z(1)?
9
Suppose -4*j + 0*j = 8. Let b(d) = -d**2 + d + 2. Calculate b(j).
-4
Let j = 2 - 0. Let q be j/7 + 19/7. Let f(k) = 1 + q*k - 4*k - 1. What is f(-5)?
5
Let w(d) = d**3 + d. Suppose 4*b + 2*c = 20, -c = -b - 5*c + 5. Suppose -b*s - 9 = 11, -3*x - 2*s - 8 = 0. Calculate w(x).
0
Suppose -y + 20 = 4*y. Suppose 0 = 6*i - i - 3*h - 11, -2*h - y = 0. Let m(v) = -5*v + 5 - 4 + 4*v. Determine m(i).
0
Let c(k) = -k**2 - 5. Suppose 16*j - 3*j = 0. Give c(j).
-5
Let y be ((-2)/(-3))/(4/12). Let f(u) = 5*u**2 - 2 + 4*u - 3*u**y - 3*u**2. Suppose 4*h + 0*h = 20. Calculate f(h).
-7
Suppose 0*u + 4*u - a = 15, a + 3 = 0. Suppose -u*b + 5*n = 14, 4*n = 17 - 1. Suppose -b*q + q = 0. Let h(k) = k**2 - k + 3. What is h(q)?
3
Let u = 15 + -12. Let w(h) = -h + 3 - u - h. Let c = 4 + -2. Calculate w(c).
-4
Let o(u) = -5. Let n(p) = 6. Let l(g) = -6*n(g) - 7*o(g). Let t = -3 + 4. Let z(m) = m - 7. Let x(a) = t*z(a) - 2*l(a). Give x(4).
-1
Let s(f) = 4*f + 5. Let x(o) = -7*o**2 + 2*o - 1. Let v be x(1). Let b(j) = -7*j - 9. Let r = -28 - -17. Let d(t) = r*s(t) + v*b(t). Give d(4).
-9
Let h(l) = l**3 - l**2 - 3*l + 1. Let v(s) = s**2 + 11*s + 11. Let j be v(-9). Let n = -5 - j. Determine h(n).
-1
Let s(f) be the first derivative of -2 + 1/2*f**2 + 4/3*f**3 - 1/4*f**4 + 0*f. What is s(4)?
4
Suppose 12 = 5*i + 2. Let f(z) be the first derivative of z + 2/3*z**3 - z**2 - i. Calculate f(2).
5
Let g = -2 + 1. Let h(d) = -16*d + 5. Let x(n) = 10*n - 7. Let l(f) = -f + 1. Let y(v) = 5*l(v) + x(v). Let m(r) = -3*h(r) - 8*y(r). Determine m(g).
-7
Suppose -9 - 7 = -4*p. Let a(v) = v**2 - v - 5. Calculate a(p).
7
Let k(b) = b - 3. Let d be k(6). Let g be (d/(-6))/((-1)/2). Let f(v) = -5 + 2 + g - v**3 + 0 + 4*v**2. Calculate f(2).
6
Let o(c) = -5*c**2 - 7*c + 4. Let w(r) = 9*r**2 + 13*r - 7. Let u(z) = -11*o(z) - 6*w(z). Determine u(0).
-2
Let v(r) be the third derivative of -r**6/720 + r**5/30 - r**4/24 + 9*r**2. Let t(s) be the second derivative of v(s). Give t(3).
1
Let j(s) = s**2 + 6*s - 3. Let x = 8 - 0. Let r be ((-2)/(-3))/(x/(-60)). Determine j(r).
-8
Let h(q) = 2*q - 3. Let k(z) = -z**2 - 4*z - 8*z + 6 + 2*z + 8. Let n be k(-11). Calculate h(n).
3
Let x(r) = 7*r**3 + r**2 + 7*r - 1. Let m(b) = 11*b**3 + b**2 + 11*b - 2. Let o(d) = -5*m(d) + 8*x(d). Let l = 17 - 24. Let q = 4 + l. Determine o(q).
-1
Let g(t) = 1 - 3*t - 5 - 5 + 2. What is g(-5)?
8
Let d(k) = -4*k**2 - k - k + 3*k**2 + 3. Let n(u) = -u**2 - u - 2. Let r be n(-3). Let v(s) = 2*s + 12. Let l be v(r). What is d(l)?
-5
Let f(o) = 3*o**2 - o - 1. Let u(b) be the second derivative of -b**3/6 + 5*b**2/2 - 3*b. Let n be u(3). Determine f(n).
9
Let r(l) = 1 - 2 + 4 - 5*l. Suppose 0 = p - 5*p + 8. Calculate r(p).
-7
Let v(s) = s**2 - 5*s + 2. Let d(a) = -a - 7. Let g be d(-8).